{"id":42,"date":"2014-04-13T14:01:47","date_gmt":"2014-04-13T12:01:47","guid":{"rendered":"http:\/\/mv-leinstetten.de\/?page_id=42"},"modified":"2014-04-14T22:13:41","modified_gmt":"2014-04-14T20:13:41","slug":"leinstetten","status":"publish","type":"page","link":"http:\/\/mv-leinstetten.de\/?page_id=42","title":{"rendered":"Leinstetten"},"content":{"rendered":"<p style=\"text-align: center;\">Aus der Geschichte von Leinstetten<\/p>\n<p>Leinstetten hat ca.600 Einwohner und liegt an den H\u00e4ngen und im Tal der Glatt und des Heimbaches, der mitten in Leinstetten in die Glatt einm\u00fcndet. Das stattliche Schloss der Herren von Podewils, die imposante Dorfkirche, ein gro\u00dfes S\u00e4gewerk und in j\u00fcngster Zeit attraktiv renovierte H\u00e4user pr\u00e4gen den 900 Jahre alten Ort.<\/p>\n<p style=\"text-align: left;\"><a href=\"http:\/\/mv-leinstetten.de\/wp-content\/uploads\/2014\/04\/Ortsansicht_Leinstetten_rdax_464x215.jpg\"><img loading=\"lazy\" class=\"wp-image-81 alignleft\" style=\"width: 334px; height: 163px;\" alt=\"Ortsansicht_Leinstetten_rdax_464x215\" src=\"http:\/\/mv-leinstetten.de\/wp-content\/uploads\/2014\/04\/Ortsansicht_Leinstetten_rdax_464x215-300x139.jpg\" width=\"300\" height=\"139\" srcset=\"http:\/\/mv-leinstetten.de\/wp-content\/uploads\/2014\/04\/Ortsansicht_Leinstetten_rdax_464x215-300x139.jpg 300w, http:\/\/mv-leinstetten.de\/wp-content\/uploads\/2014\/04\/Ortsansicht_Leinstetten_rdax_464x215.jpg 464w\" sizes=\"(max-width: 300px) 100vw, 300px\" \/><\/a><\/p>\n<p>Besonders geschichtstr\u00e4chtig ist die Ruine &#8222;Lichtenfels&#8220; zwischen Bettenhausen und\u00a0\u00a0 Leinstetten. Der Heimatgeschichte intensiv angenommen hat sich eine F\u00f6rdergemeinschaft, die unter anderem in den Kreuzwiesen ein &#8222;Minnes\u00e4ngerdenkmal&#8220; errichtet hat, das an den dort gefallenen Grafen und Minnes\u00e4nger Albrecht von Hohenberg\/Haigerloch, einen der ehemaligen Burgherren auf Lichtenfels, erinnern soll. \u00dcber die wechselvolle Geschichte Leinstettens, seiner Burg und seines Schlosses berichtet eine Ortschronik, die zur 900- Jahrfeier erarbeitet worden ist. Ein kleines privates Museum gibt Einblick in das Alltagsleben von Landwirtschaft und Handwerk.<\/p>\n<p>Auch ein St\u00fcck des St. Jakobus-Pilgerweges, der auf seiner Strecke von Horb ins Kinzigtal auch vom Ortsteil Kaltenhof her \u00fcber Leinstetten f\u00fchrt, ist in j\u00fcngster Zeit durch die Erstellung eines Jakobusbrunnens und eines Jakobuskreuzes neu markiert worden. In der markanten sp\u00e4tgotischen Kirche St.Stephanus ist das Glanzst\u00fcck ein Fl\u00fcgelaltar mit einer aus der Romantik stammenden Madonna, au\u00dferdem eine gro\u00dfe neue Orgel, mit der von Zeit zu Zeit Konzerte veranstaltet werden. In Leinstetten selbst und auf dem &#8222;Kaltenhof&#8220;, einem Ortsteil auf der H\u00f6he in Richtung D\u00fcrrenmettstetten, gibt es noch einige landwirtschaftliche Betriebe, die die Hanglagen bewirtschaften und pflegen.<\/p>\n<p>Leinstetten ist auch Fremdenverkehrsort; 1984 erhielt das Dorf das Pr\u00e4dikat &#8222;Erholungsort&#8220;. Erholen k\u00f6nnen sich Ferieng\u00e4ste in netten Restaurants und bei Privatvermietern. Vielf\u00e4ltige Handwerksbetriebe am Ort zeugen auch heute noch davon, dass sich Leinstetten aufgrund seiner einst abgelegenen Lage selbst versorgen konnte.<\/p>\n","protected":false},"excerpt":{"rendered":"<p>Aus der Geschichte von Leinstetten Leinstetten hat ca.600 Einwohner und liegt an den H\u00e4ngen und im Tal der Glatt und des Heimbaches, der mitten in Leinstetten in die Glatt einm\u00fcndet. Das stattliche Schloss der Herren von Podewils, die imposante Dorfkirche, ein gro\u00dfes S\u00e4gewerk und in j\u00fcngster Zeit attraktiv renovierte H\u00e4user pr\u00e4gen den 900 Jahre alten [&hellip;]<\/p>\n","protected":false},"author":1,"featured_media":0,"parent":0,"menu_order":0,"comment_status":"open","ping_status":"open","template":"","meta":[],"_links":{"self":[{"href":"http:\/\/mv-leinstetten.de\/index.php?rest_route=\/wp\/v2\/pages\/42"}],"collection":[{"href":"http:\/\/mv-leinstetten.de\/index.php?rest_route=\/wp\/v2\/pages"}],"about":[{"href":"http:\/\/mv-leinstetten.de\/index.php?rest_route=\/wp\/v2\/types\/page"}],"author":[{"embeddable":true,"href":"http:\/\/mv-leinstetten.de\/index.php?rest_route=\/wp\/v2\/users\/1"}],"replies":[{"embeddable":true,"href":"http:\/\/mv-leinstetten.de\/index.php?rest_route=%2Fwp%2Fv2%2Fcomments&post=42"}],"version-history":[{"count":5,"href":"http:\/\/mv-leinstetten.de\/index.php?rest_route=\/wp\/v2\/pages\/42\/revisions"}],"predecessor-version":[{"id":138,"href":"http:\/\/mv-leinstetten.de\/index.php?rest_route=\/wp\/v2\/pages\/42\/revisions\/138"}],"wp:attachment":[{"href":"http:\/\/mv-leinstetten.de\/index.php?rest_route=%2Fwp%2Fv2%2Fmedia&parent=42"}],"curies":[{"name":"wp","href":"https:\/\/api.w.org\/{rel}","templated":true}]}}